Let h(f) = -f**2 + 58*f - 671. Calculate h(47).
-154
Let i(a) = 42*a**3 - a**2 + 7*a - 14. Give i(2).
332
Let a(m) = -706*m + 717. What is a(1)?
11
Let i(d) = 120*d + 132. Determine i(-1).
12
Let c(z) = -11*z + 670. What is c(61)?
-1
Let x(j) = j**2 - 114*j + 2111. Calculate x(23).
18
Let q(x) = x**3 + 16*x**2 + 124*x + 2374. Give q(-17).
-23
Let y(a) = a**3 + 203*a**2 + 586*a - 7. What is y(-3)?
35
Let x(s) = 3*s**2 + 98*s - 247. Give x(-35).
-2
Let t(b) = -31*b**2 - 711*b + 34. Determine t(-23).
-12
Let q(b) = 2*b**2 - 40*b + 96. Determine q(17).
-6
Let t(u) = -2*u**3 - 249*u**2 - 124*u + 34. What is t(-124)?
34
Let q(m) = -5*m**2 - 42*m + 196. What is q(-12)?
-20
Let n(d) = -3729*d - 7464. Determine n(-2).
-6
Let y(p) = 14*p**2 + 81*p + 58. What is y(-5)?
3
Let a(c) = 4*c**3 - 42*c**2 - 14*c - 90. Calculate a(11).
-2
Let v(r) = r**2 + 215*r + 6599. Determine v(-38).
-127
Let q(k) = -k**3 - 16*k**2 - 15*k - 18. Determine q(-15).
-18
Let i(x) = -x**2 + 79*x - 430. Give i(6).
8
Let h(x) = 17*x**3 + 119*x**2 - 4*x - 22. What is h(-7)?
6
Let n(j) = 337*j - 2044. Calculate n(6).
-22
Let n(b) = -139*b + 71. Give n(-2).
349
Let h(a) = 2*a**2 + 45*a - 300. Calculate h(6).
42
Let p(t) = -7*t + 118. Determine p(13).
27
Let a(b) = -4*b**3 - 155*b**2 + 370*b + 48. What is a(-41)?
7
Let m(a) = a**3 + 11*a**2 + 56*a + 444. Calculate m(-10).
-16
Let x(n) = -n**3 - 30*n**2 + 28*n - 92. Give x(-31).
1
Let u(i) = 2*i**3 + 19*i**2 - 9*i + 21. Give u(-9).
183
Let v(k) = k**3 + 8*k**2 - 25*k - 10. Give v(-10).
40
Let o(l) = -4*l**3 - 6*l**2 + 10*l - 13. Calculate o(-3).
11
Let j(d) = -20*d**2 - 8*d - 10. Give j(-2).
-74
Let p(s) = -112*s - 23. Give p(-7).
761
Let x(a) = a**3 + 36*a**2 - 72*a + 93. What is x(-38)?
-59
Let l(z) = -z**3 - 2*z**2 + 12*z + 16. Determine l(-6).
88
Let w(t) = -176*t + 15010. Give w(85).
50
Let c(v) = -v**3 - 9*v**2 + 14*v + 7. What is c(-6)?
-185
Let o(y) = -y**3 + 36*y**2 - 13*y + 450. Calculate o(36).
-18
Let c(t) = 21*t**3 + 73*t**2 - 9*t - 12. Determine c(-4).
-152
Let o(c) = c**3 - 23*c**2 - 49*c + 16. Determine o(25).
41
Let d(o) = -153*o**3 + 11*o**2 - 29*o + 20. What is d(1)?
-151
Let h(m) = -7*m**2 - 186*m + 1. Determine h(-28).
-279
Let y(j) = 112*j + 757. Give y(-7).
-27
Let m(n) = -36*n**3 + 3*n**2 + 43*n + 80. Determine m(-2).
294
Let t(g) = -50*g + 6117. What is t(123)?
-33
Let c(x) = -28*x**2 + 252*x + 8. Give c(9).
8
Let g(i) = i**3 + 88*i**2 - 363*i + 444. Give g(-92).
-16
Let b(p) = 4*p**3 - 46*p**2 - 53*p + 382. Determine b(12).
34
Let w(c) = -4871*c - 19465. Calculate w(-4).
19
Let k(o) = 26*o - 182. Give k(11).
104
Let f(j) = 2*j**3 - 34*j**2 + 2*j - 42. Give f(17).
-8
Let p(o) = -o**3 + 30*o**2 - 5*o + 70. Determine p(30).
-80
Let j(a) = -217*a + 7554. What is j(35)?
-41
Let l(g) = g**2 + 132*g - 1861. Calculate l(-145).
24
Let p(l) = l**3 - 4*l**2 - 130*l - 118. Give p(-9).
-1
Let z(f) = 6*f**2 + 2*f + 7. What is z(4)?
111
Let t(k) = 6*k**3 - 6*k**2 - 8*k + 11. Calculate t(0).
11
Let c(t) = 11*t**2 + 4*t - 4. Determine c(1).
11
Let g(w) = -40*w - 184. What is g(-4)?
-24
Let j(z) = 1839*z - 11010. Determine j(6).
24
Let u(r) = 2*r**3 - 65*r**2 + 61*r - 326. Determine u(32).
602
Let k(c) = -7*c**2 - 126*c + 639. What is k(-22)?
23
Let l(b) = b**2 + 31*b + 33. Determine l(-36).
213
Let q(a) = -a**3 + 14*a**2 + 9*a - 12. Calculate q(13).
274
Let h(t) = 335*t + 755. What is h(-4)?
-585
Let u(f) = -692*f - 692. Give u(-1).
0
Let r(u) = 2*u**3 + 44*u**2 - 37*u - 226. Determine r(-23).
-433
Let i(o) = o**3 + 61*o**2 + 77*o - 5622. Give i(-58).
4
Let v(i) = -i**3 - 24*i**2 - 41*i - 1517. Calculate v(-25).
133
Let i(g) = 3*g**2 - 74*g + 192. What is i(22)?
16
Let p(z) = -z**2 - 4*z + 74. Determine p(5).
29
Let w(u) = u**2 - 18*u + 91. Calculate w(15).
46
Let w(s) = -1610*s + 4824. Calculate w(3).
-6
Let m(t) = t**2 + 2*t - 1. Determine m(5).
34
Let h(p) = 2*p**3 - 137*p**2 - 81*p + 796. Give h(69).
-32
Let c(u) = -u**3 - 20*u**2 + 27*u + 128. What is c(-21)?
2
Let m(w) = w**2 + 1474*w - 11849. Calculate m(8).
7
Let k(b) = -32*b - 1. Calculate k(2).
-65
Let u(b) = 3499*b - 38484. Give u(11).
5
Let g(t) = -49*t - 1150. What is g(-23)?
-23
Let v(p) = -p**3 + 18*p**2 + 319*p - 9. What is v(29)?
-9
Let o(n) = 42*n - 58. Calculate o(10).
362
Let l(s) = -s**3 - 39*s**2 + 323*s - 15. Calculate l(7).
-8
Let o(x) = 24*x - 864. What is o(36)?
0
Let x(l) = 2*l**2 + 55*l + 390. Give x(-14).
12
Let w(l) = l**3 - 35*l**2 + 30*l + 88. Determine w(34).
-48
Let y(v) = v**2 + 3*v - 5713. Determine y(74).
-15
Let g(r) = 150*r + 5. Determine g(-1).
-145
Let t(i) = 2*i**3 + 4*i**2 + 8*i + 3. Give t(-4).
-93
Let u(y) = -7*y**3 - 6*y**2 - 18*y - 28. Give u(-2).
40
Let l(v) = 311*v + 2179. Give l(-7).
2
Let s(v) = -v**3 + 20*v**2 - 3*v - 72. What is s(8)?
672
Let p(a) = -a**2 + 57*a + 176. Give p(56).
232
Let n(j) = 203*j + 2435. Determine n(-12).
-1
Let z(g) = 30*g - 83. Determine z(0).
-83
Let u(p) = 2*p**3 - 37*p**2 - 21*p - 21. Calculate u(19).
-59
Let c(q) = -1312*q + 56416. Give c(43).
0
Let x(f) = -2*f**3 + 8*f**2 + 60*f - 150. What is x(2)?
-14
Let z(g) = 19*g**2 - 2200*g - 467. What is z(116)?
-3
Let m(o) = o**3 + o**2 + 2*o - 5. What is m(0)?
-5
Let u(q) = 108*q - 1251. Determine u(12).
45
Let a(x) = -2*x**2 - 494*x + 7865. Determine a(15).
5
Let j(o) = -o**3 - 4*o**2 + 11*o + 103. Calculate j(-6).
109
Let i(h) = -4*h**2 + 3*h + 16. Give i(-2).
-6
Let w(o) = -858*o + 1741. Calculate w(2).
25
Let d(m) = -m**3 - 31*m**2 - 87*m - 66. Determine d(-28).
18
Let v(t) = 312*t - 33381. What is v(107)?
3
Let u(i) = 3*i**2 - 35*i - 116. Give u(-3).
16
Let m(h) = 44*h - 402. Give m(10).
38
Let q(f) = 1495*f - 62800. Give q(42).
-10
Let z(r) = -13*r**2 + 248*r + 2. Give z(20).
-238
Let l(s) = -15*s**3 - s**2 + 5*s + 14. Determine l(-2).
120
Let p(o) = 578*o + 17336. Determine p(-30).
-4
Let s(k) = -k**2 + 13*k - 17. What is s(9)?
19
Let y(l) = 11*l**2 + 1295*l + 941. Give y(-117).
5
Let i(c) = -44*c**3 + 439*c**2 + 9*c + 12. Determine i(10).
2
Let w(v) = -3*v**2 - 26*v - 48. Determine w(-7).
-13
Let x(n) = n**3 - 8*n**2 + 29*n - 92. Determine x(8).
140
Let r(u) = 170*u + 339. Calculate r(-2).
-1
Let q(z) = z**3 - 15*z**2 + 41*z + 114. Determine q(9).
-3
Let r(u) = 27*u - 125. Calculate r(15).
280
Let m(b) = 12*b - 619. Determine m(51).
-7
Let z(d) = -3*d**3 - 228*d**2 + 8*d + 602. Calculate z(-76).
-6
Let k(q) = 2*q - 99. Give k(16).
-67
Let c(d) = d**3 + 21*d**2 + 56*d - 56. Calculate c(-19).
-398
Let l(g) = 55*g - 285. Determine l(8).
155
Let f(k) = 2*k**3 + 22*k**2 + 27*k + 73. What is f(-10)?
3
Let d(k) = -k**2 + 7*k + 60. Determine d(8).
52
Let g(q) = -136*q**2 - 951*q + 7. Calculate g(-7).
0
Let s(a) = -7*a**3 - 9*a**2 - 50*a + 126. What is s(2)?
-66
Let c(a) = -119*a**2 - 44*a + 32. Calculate c(2).
-532
Let g(v) = -v**3 + 3*v**2 - 139*v + 278. What is g(2)?
4
Let y(o) = 445*o - 415. What is y(1)?
30
Let a(j) = 2*j**2 + 170*j - 1861. What is a(10)?
39
Let q(w) = -3*w**3 - 29*w**2 + 6*w - 7. Give q(-9).
-223
Let c(s) = s**2 - 26*s - 27. What is c(27)?
0
Let t(a) = a**3 + 9*a**2 + 19*a + 48. What is t(-7)?
13
Let g(n) = n**2 + 253*n + 7451. Determine g(-34).
5
Let k(a) = -3935*a - 11781. Give k(-3).
24
Let o(u) = -u**2 + 44*u + 154. Determine o(-8).
-262
Let n(u) = -18*u**2 - 43*u + 243. Give n(5).
-422
Let h(c) = 187*c - 136. Give h(-2).
-510
Let y(s) = -79*s - 11425. What is y(-145)?
30
Let w(a) = -175*a - 1369. Calculate w(-8).
31
Let y(b) = -2*b**3 - 41*b**2 + 22*b + 5. Give y(-21).
-16
Let s(t) = t**2 + 136*t - 8399. Calculate s(46).
-27
Let r(q) = -6*q**2 - 146*q - 107. Calculate r(-24).
-59
Let u(r) = -r**2 - 8*r - 98. Give u(-14).
-182
Let k(p) = -7*p - 357. Calculate k(-51).
0
Let j(x) = 5*x**2 + 328*x - 394. What is j(-67)?
75
Let h(p) = -p**2 + 45*p + 252. Determine h(-5).
2
Let x(c) = -3*c**3 - 31*c**2 - 44*c - 52. What is x(-9)?
20
Let o(h) = -21*h**2 + 220*h - 21. What is o(10)?
79
Let d(r) = 6*r**2 + 318*r - 254. Give d(-54).
70
Let s(y) = -y**3 + 33*y**2 - 59*y - 75. Calculate s(31).
18
Let k(v) = 2*v**3 - 22*v**2 - 75*v - 121. Determine k(14).
5
Let z(i) = 7*i**2 - 496*i - 73. Give z(71).
-2
Let s(r) = -179*r + 133. Calculate s(2).
-225
Let b(u) = -u**2 + 15*u - 23. Determine b(10).
27
Let u(g) = 98*g**2 - 464*g - 101. Give 